{"id":44,"date":"2016-09-17T08:35:20","date_gmt":"2016-09-17T07:35:20","guid":{"rendered":"http:\/\/allonsenvent.be\/?page_id=44"},"modified":"2017-01-10T20:33:21","modified_gmt":"2017-01-10T19:33:21","slug":"presse","status":"publish","type":"page","link":"https:\/\/allonsenvent.be\/index.php\/presse\/","title":{"rendered":"Presse"},"content":{"rendered":"<p>Allons en Vent a souvent \u00e9t\u00e9 cit\u00e9e comme exemple de r\u00e9ussite citoyenne dans la presse. Depuis 2015, notre combat contre la taxe communale in\u00e9quitable et disproportionn\u00e9e impos\u00e9e \u00e0 L'Eolienne des Enfants a \u00e9galement \u00e9t\u00e9 le sujet de nombreux articles. D\u00e9couvrez-en quelques un ci-dessous:<\/p>\n<p><a href=\"http:\/\/allonsenvent.be\/wp-content\/uploads\/2016\/09\/2016-12-24-L_Avenir-AEV-s_en-va-en-guerre.pdf\" target=\"_blank\">2016-12-24 L_Avenir - Allons_en_Vent_s_en_va_en_guerre<\/a><\/p>\n<p><a href=\"http:\/\/allonsenvent.be\/wp-content\/uploads\/2016\/09\/2016-11-15-DH-Eolienne-des-Enfants-menacee.pdf\" target=\"_blank\">2016-11-15 La DH_Eolienne_des_Enfants_menacee<\/a><\/p>\n<p><a href=\"http:\/\/allonsenvent.be\/wp-content\/uploads\/2016\/09\/2016-11-14-L_Avenir-Vent-de-colere-autour-de-l_EdE.pdf\" target=\"_blank\">2016-11-14 L_Avenir - Vent_de_colere_autour_de_l_Eolienne_des_Enfants<\/a><\/p>\n<p><a href=\"http:\/\/allonsenvent.be\/wp-content\/uploads\/2016\/09\/2016-04-08_L_Avenir_Namur_L_eolienne_des_enfants_taxes.pdf\" target=\"_blank\">2016-04-08-L_Avenir_Eolienne_des_enfants_taxes<\/a><\/p>\n<p><a href=\"http:\/\/allonsenvent.be\/wp-content\/uploads\/2016\/09\/2016-03-30_Hebdo_2000_Taxe_qui_tue_Eolienne_des_Enfants.pdf\" target=\"_blank\">2016-03-30-Hebdo_2000_Taxe_qui_tue_Eolienne_des_Enfants<\/a><\/p>\n<p><a href=\"http:\/\/allonsenvent.be\/wp-content\/uploads\/2016\/09\/2016-03-18-La-Libre-Le-vent-tourne-a-Houyet.pdf\" target=\"_blank\">2016-03-18-La-Libre-Le-vent-tourne-a-Houyet<\/a><\/p>\n<p><a href=\"http:\/\/allonsenvent.be\/wp-content\/uploads\/2016\/09\/2016-03-16-Ma-Tele-Eolienne_des_Enfants_au_coeur_d_un-conflit.pdf\" target=\"_blank\">2016-03-16-Ma_Tele-Eolienne_des_Enfants_au_coeur_d_un-conflit<\/a><\/p>\n<p><a href=\"http:\/\/allonsenvent.be\/wp-content\/uploads\/2016\/09\/2016-03-12-L_Avenir-Ils-doivent-passer-a-la-caisse.pdf\" target=\"_blank\">2016-03-12-L_Avenir-Ils-doivent-passer-a-la-caisse<\/a><\/p>\n<p><a href=\"http:\/\/allonsenvent.be\/wp-content\/uploads\/2016\/09\/2016-03-11-RTBF.be-Houyet-la-commune-maintient-la-taxe.pdf\" target=\"_blank\">2016-03-11-RTBF-La-commune-maintient-la-taxe<\/a><\/p>\n<p><a href=\"http:\/\/allonsenvent.be\/wp-content\/uploads\/2016\/09\/2015-11-26-L_Avenir-Eolienne-des-Enfants-Patience.pdf\" target=\"_blank\">2015-11-26-L_Avenir-Eolienne-des-Enfants-patience<\/a><\/p>\n<p><a href=\"http:\/\/allonsenvent.be\/wp-content\/uploads\/2016\/09\/2015-10-29-AP-MaTele-Eolienne-des-enfants-en-peril.pdf\" target=\"_blank\">2015-10-29-Ma_Tele-Eolienne-des-Enfants-en-peril<\/a><\/p>\n<p><a href=\"http:\/\/allonsenvent.be\/wp-content\/uploads\/2016\/09\/2015-05-14-Moneytalk-Cooperatives-vertes.pdf\" target=\"_blank\">2015-05-14-moneytalk-cooperatives-vertes<\/a><\/p>\n<p><a href=\"http:\/\/allonsenvent.be\/wp-content\/uploads\/2016\/09\/2015-10-29-AP-DHnet-Polemique-a-Houyet-L-Eolienne-des-enfants-taxee.pdf\" target=\"_blank\">2015-10-29-DH.Net-Polemique-a-houyet-l-eolienne-des-enfants-taxee<\/a><\/p>\n<p><a href=\"http:\/\/allonsenvent.be\/wp-content\/uploads\/2016\/09\/2014-G.mag-Devenez-eco-citoyen.pdf\" target=\"_blank\">2014-G-mag-devenez-eco-citoyen<\/a><\/p>\n<p><a href=\"http:\/\/allonsenvent.be\/wp-content\/uploads\/2016\/09\/2014-Triodos-la-couleur-de-l-argent-127-extrait.pdf\" target=\"_blank\">2014-Triodos-la-couleur-de-l-argent-127-extrait<\/a><\/p>\n<p><a href=\"http:\/\/allonsenvent.be\/wp-content\/uploads\/2016\/09\/2012-01-Imagine-89-Eolien-citoyen.pdf\" target=\"_blank\">2012-01-Imagine-89-Eolien-citoyen<\/a><\/p>\n<p><a href=\"http:\/\/allonsenvent.be\/wp-content\/uploads\/2016\/09\/2007-APeRE-Eolienne-des-enfants.pdf\" target=\"_blank\">2007-APERe-Eolienne-des-Enfants<\/a><\/p>\n<p><a href=\"http:\/\/allonsenvent.be\/wp-content\/uploads\/2016\/09\/2007-Triodos-Un_vent_durable_souffle_sur_Houyet.pdf\" target=\"_blank\">2007-Triodos-Un_vent_durable_souffle_sur_Houyet<\/a><\/p>\n<p><a href=\"http:\/\/allonsenvent.be\/wp-content\/uploads\/2016\/09\/2006-02-13-La-DH-Les_enfants_proprios_de_leur_eolienne.pdf\" target=\"_blank\">2006-02-13 - La DH - Les_enfants_proprios_de_leur_eolienne<\/a><\/p>\n<p><a href=\"http:\/\/allonsenvent.be\/wp-content\/uploads\/2016\/09\/2004-2005-Symbiose-Pas_que_du_vent.pdf\" target=\"_blank\">2004-2005-symbiose-pas_que_du_vent<\/a><\/p>\n<p><a href=\"http:\/\/allonsenvent.be\/wp-content\/uploads\/2016\/09\/2004-APeRE-Eolienne-des-enfants.pdf\" target=\"_blank\">2004-APERe-Eolienne-des-Enfants<\/a><\/p>\n","protected":false},"excerpt":{"rendered":"<p>Allons en Vent a souvent \u00e9t\u00e9 cit\u00e9e comme exemple de r\u00e9ussite citoyenne dans la presse. Depuis 2015, notre combat contre la taxe communale in\u00e9quitable et disproportionn\u00e9e impos\u00e9e \u00e0 L'Eolienne des Enfants a \u00e9galement \u00e9t\u00e9 le sujet de nombreux articles. D\u00e9couvrez-en quelques un ci-dessous: 2016-12-24 L_Avenir - Allons_en_Vent_s_en_va_en_guerre 2016-11-15 La DH_Eolienne_des_Enfants_menacee 2016-11-14 L_Avenir - Vent_de_colere_autour_de_l_Eolienne_des_Enfants 2016-04-08-L_Avenir_Eolienne_des_enfants_taxes <a href=\"https:\/\/allonsenvent.be\/index.php\/presse\/\" class=\"more-link\">...continuer la lecture de<span class=\"screen-reader-text\"> \"Presse\"<\/span><\/a><\/p>\n","protected":false},"author":1,"featured_media":0,"parent":0,"menu_order":0,"comment_status":"closed","ping_status":"closed","template":"","meta":{"_uag_custom_page_level_css":"","footnotes":""},"class_list":["post-44","page","type-page","status-publish","h-entry","hentry","h-as-page"],"uagb_featured_image_src":{"full":false,"thumbnail":false,"medium":false,"medium_large":false,"large":false,"1536x1536":false,"2048x2048":false,"custom-header-image":false},"uagb_author_info":{"display_name":"AEV","author_link":"https:\/\/allonsenvent.be\/index.php\/author\/admin1371\/"},"uagb_comment_info":0,"uagb_excerpt":"Allons en Vent a souvent \u00e9t\u00e9 cit\u00e9e comme exemple de r\u00e9ussite citoyenne dans la presse. Depuis 2015, notre combat contre la taxe communale in\u00e9quitable et disproportionn\u00e9e impos\u00e9e \u00e0 L'Eolienne des Enfants a \u00e9galement \u00e9t\u00e9 le sujet de nombreux articles. D\u00e9couvrez-en quelques un ci-dessous: 2016-12-24 L_Avenir - Allons_en_Vent_s_en_va_en_guerre 2016-11-15 La DH_Eolienne_des_Enfants_menacee 2016-11-14 L_Avenir - Vent_de_colere_autour_de_l_Eolienne_des_Enfants 2016-04-08-L_Avenir_Eolienne_des_enfants_taxes\u2026","_links":{"self":[{"href":"https:\/\/allonsenvent.be\/index.php\/wp-json\/wp\/v2\/pages\/44","targetHints":{"allow":["GET"]}}],"collection":[{"href":"https:\/\/allonsenvent.be\/index.php\/wp-json\/wp\/v2\/pages"}],"about":[{"href":"https:\/\/allonsenvent.be\/index.php\/wp-json\/wp\/v2\/types\/page"}],"author":[{"embeddable":true,"href":"https:\/\/allonsenvent.be\/index.php\/wp-json\/wp\/v2\/users\/1"}],"replies":[{"embeddable":true,"href":"https:\/\/allonsenvent.be\/index.php\/wp-json\/wp\/v2\/comments?post=44"}],"version-history":[{"count":12,"href":"https:\/\/allonsenvent.be\/index.php\/wp-json\/wp\/v2\/pages\/44\/revisions"}],"predecessor-version":[{"id":283,"href":"https:\/\/allonsenvent.be\/index.php\/wp-json\/wp\/v2\/pages\/44\/revisions\/283"}],"wp:attachment":[{"href":"https:\/\/allonsenvent.be\/index.php\/wp-json\/wp\/v2\/media?parent=44"}],"curies":[{"name":"wp","href":"https:\/\/api.w.org\/{rel}","templated":true}]}}