{"id":28,"date":"2016-09-17T08:24:42","date_gmt":"2016-09-17T07:24:42","guid":{"rendered":"http:\/\/allonsenvent.be\/?page_id=28"},"modified":"2021-09-14T23:25:53","modified_gmt":"2021-09-14T22:25:53","slug":"liens","status":"publish","type":"page","link":"https:\/\/allonsenvent.be\/index.php\/liens\/","title":{"rendered":"Liens"},"content":{"rendered":"\n<h1 class=\"wp-block-heading\">Rescoop<\/h1>\n\n\n\n<hr class=\"wp-block-separator\"\/>\n\n\n\n<p>Allons en Vent est membre de Rescoop Wallonie, la f\u00e9d\u00e9ration wallonne des coop\u00e9ratives et associations citoyennes pour l'\u00e9nergie renouvelable. D\u00e9couvrez les f\u00e9d\u00e9rations r\u00e9gionales, nationale et europ\u00e9enne avec les liens ci-dessous:<\/p>\n\n\n\n<ul class=\"wp-block-list\"><li>En Wallonie:&nbsp; <a href=\"http:\/\/www.rescoop-wallonie.be\/\" target=\"_blank\" rel=\"noopener noreferrer\">Rescoop Wallonie<\/a><\/li><li>En Flandre: <a href=\"http:\/\/www.rescoopv.be\/\" target=\"_blank\" rel=\"noopener noreferrer\">Rescoop Vlaanderen<\/a><\/li><li>En Belgique: <a href=\"http:\/\/www.rescoop.be\/\" target=\"_blank\" rel=\"noopener noreferrer\">Rescoop Belgium<\/a><\/li><li>En Europe: <a href=\"https:\/\/rescoop.eu\/\" target=\"_blank\" rel=\"noopener noreferrer\">Rescoop Europe<\/a><\/li><\/ul>\n\n\n\n<p><strong>Vid\u00e9os de Rescoop Wallonie<\/strong> :<\/p>\n\n\n\n<ul class=\"wp-block-list\"><li><a href=\"https:\/\/allonsenvent.be\/index.php\/2016\/11\/21\/nouvelle-video-de-sensibilisation-de-rescoop-wallonie\/\">Vid\u00e9o de REScoop Wallonie: les \u00e9oliennes citoyennes<\/a><\/li><li><a href=\"https:\/\/allonsenvent.be\/index.php\/2016\/11\/13\/video-de-rescoop-wallonie-les-cooperatives-de-facade\/\">Vid\u00e9o de RESCoop Wallonie : les coop\u00e9ratives de fa\u00e7ade<\/a><\/li><li><a href=\"https:\/\/allonsenvent.be\/index.php\/2016\/11\/07\/video-de-rescoop-wallonie-la-cooperation\/\">Vid\u00e9o de REScoop Wallonie : la coop\u00e9ration<\/a><\/li><\/ul>\n\n\n\n<h1 class=\"wp-block-heading\">Label Finance Solidaire<\/h1>\n\n\n\n<hr class=\"wp-block-separator\"\/>\n\n\n\n<p>Les parts d'Allons en vent ont le label Finance solidaire <\/p>\n\n\n\n<figure class=\"wp-block-image size-large is-resized\"><img loading=\"lazy\" decoding=\"async\" src=\"https:\/\/allonsenvent.be\/wp-content\/uploads\/2021\/09\/label_finance_solidaire_web-1024x1024.png\" alt=\"\" class=\"wp-image-580\" width=\"244\" height=\"244\" srcset=\"https:\/\/allonsenvent.be\/wp-content\/uploads\/2021\/09\/label_finance_solidaire_web-1024x1024.png 1024w, https:\/\/allonsenvent.be\/wp-content\/uploads\/2021\/09\/label_finance_solidaire_web-300x300.png 300w, https:\/\/allonsenvent.be\/wp-content\/uploads\/2021\/09\/label_finance_solidaire_web-150x150.png 150w, https:\/\/allonsenvent.be\/wp-content\/uploads\/2021\/09\/label_finance_solidaire_web-768x768.png 768w, https:\/\/allonsenvent.be\/wp-content\/uploads\/2021\/09\/label_finance_solidaire_web-960x960.png 960w, https:\/\/allonsenvent.be\/wp-content\/uploads\/2021\/09\/label_finance_solidaire_web.png 1417w\" sizes=\"auto, (max-width: 244px) 100vw, 244px\" \/><\/figure>\n\n\n\n<p> <li>Un nouveau nom pour le label de la finance solidaire :\u00a0 <a rel=\"noreferrer noopener\" href=\"https:\/\/mailchi.mp\/financite\/cp-un-nouveau-nom-pour-le-label-de-la-finance-solidaire?e=036e8a20d0\" target=\"_blank\" data-type=\"URL\" data-id=\"https:\/\/mailchi.mp\/financite\/cp-un-nouveau-nom-pour-le-label-de-la-finance-solidaire?e=036e8a20d0\">Communiqu\u00e9 de presse nouveau nom<\/a><\/li><\/p>\n\n\n\n<p><li>Le label Finance Solidaire :\u00a0 <a href=\"https:\/\/labelfinancesolidaire.be\/\" data-type=\"URL\" target=\"_blank\" rel=\"noreferrer noopener\">site Finance Solidaire<\/a><\/li> <\/p>\n","protected":false},"excerpt":{"rendered":"<p>Rescoop Allons en Vent est membre de Rescoop Wallonie, la f\u00e9d\u00e9ration wallonne des coop\u00e9ratives et associations citoyennes pour l'\u00e9nergie renouvelable. D\u00e9couvrez les f\u00e9d\u00e9rations r\u00e9gionales, nationale et europ\u00e9enne avec les liens ci-dessous: En Wallonie:&nbsp; Rescoop Wallonie En Flandre: Rescoop Vlaanderen En Belgique: Rescoop Belgium En Europe: Rescoop Europe Vid\u00e9os de Rescoop Wallonie : Vid\u00e9o de REScoop <a href=\"https:\/\/allonsenvent.be\/index.php\/liens\/\" class=\"more-link\">...continuer la lecture de<span class=\"screen-reader-text\"> \"Liens\"<\/span><\/a><\/p>\n","protected":false},"author":1,"featured_media":0,"parent":0,"menu_order":0,"comment_status":"closed","ping_status":"closed","template":"","meta":{"_uag_custom_page_level_css":"","footnotes":""},"class_list":["post-28","page","type-page","status-publish","h-entry","hentry","h-as-page"],"uagb_featured_image_src":{"full":false,"thumbnail":false,"medium":false,"medium_large":false,"large":false,"1536x1536":false,"2048x2048":false,"custom-header-image":false},"uagb_author_info":{"display_name":"AEV","author_link":"https:\/\/allonsenvent.be\/index.php\/author\/admin1371\/"},"uagb_comment_info":0,"uagb_excerpt":"Rescoop Allons en Vent est membre de Rescoop Wallonie, la f\u00e9d\u00e9ration wallonne des coop\u00e9ratives et associations citoyennes pour l'\u00e9nergie renouvelable. D\u00e9couvrez les f\u00e9d\u00e9rations r\u00e9gionales, nationale et europ\u00e9enne avec les liens ci-dessous: En Wallonie:&nbsp; Rescoop Wallonie En Flandre: Rescoop Vlaanderen En Belgique: Rescoop Belgium En Europe: Rescoop Europe Vid\u00e9os de Rescoop Wallonie : Vid\u00e9o de REScoop\u2026","_links":{"self":[{"href":"https:\/\/allonsenvent.be\/index.php\/wp-json\/wp\/v2\/pages\/28","targetHints":{"allow":["GET"]}}],"collection":[{"href":"https:\/\/allonsenvent.be\/index.php\/wp-json\/wp\/v2\/pages"}],"about":[{"href":"https:\/\/allonsenvent.be\/index.php\/wp-json\/wp\/v2\/types\/page"}],"author":[{"embeddable":true,"href":"https:\/\/allonsenvent.be\/index.php\/wp-json\/wp\/v2\/users\/1"}],"replies":[{"embeddable":true,"href":"https:\/\/allonsenvent.be\/index.php\/wp-json\/wp\/v2\/comments?post=28"}],"version-history":[{"count":10,"href":"https:\/\/allonsenvent.be\/index.php\/wp-json\/wp\/v2\/pages\/28\/revisions"}],"predecessor-version":[{"id":581,"href":"https:\/\/allonsenvent.be\/index.php\/wp-json\/wp\/v2\/pages\/28\/revisions\/581"}],"wp:attachment":[{"href":"https:\/\/allonsenvent.be\/index.php\/wp-json\/wp\/v2\/media?parent=28"}],"curies":[{"name":"wp","href":"https:\/\/api.w.org\/{rel}","templated":true}]}}

<h1 class="wp-block-heading">Rescoop</h1>



<hr class="wp-block-separator"/>



<p>Allons en Vent est membre de Rescoop Wallonie, la fédération wallonne des coopératives et associations citoyennes pour l'énergie renouvelable. Découvrez les fédérations régionales, nationale et européenne avec les liens ci-dessous:</p>



<ul class="wp-block-list"><li>En Wallonie:&nbsp; <a href="http://www.rescoop-wallonie.be/" target="_blank" rel="noopener noreferrer">Rescoop Wallonie</a></li><li>En Flandre: <a href="http://www.rescoopv.be/" target="_blank" rel="noopener noreferrer">Rescoop Vlaanderen</a></li><li>En Belgique: <a href="http://www.rescoop.be/" target="_blank" rel="noopener noreferrer">Rescoop Belgium</a></li><li>En Europe: <a href="https://rescoop.eu/" target="_blank" rel="noopener noreferrer">Rescoop Europe</a></li></ul>



<p><strong>Vidéos de Rescoop Wallonie</strong> :</p>



<ul class="wp-block-list"><li><a href="https://allonsenvent.be/index.php/2016/11/21/nouvelle-video-de-sensibilisation-de-rescoop-wallonie/">Vidéo de REScoop Wallonie: les éoliennes citoyennes</a></li><li><a href="https://allonsenvent.be/index.php/2016/11/13/video-de-rescoop-wallonie-les-cooperatives-de-facade/">Vidéo de RESCoop Wallonie : les coopératives de façade</a></li><li><a href="https://allonsenvent.be/index.php/2016/11/07/video-de-rescoop-wallonie-la-cooperation/">Vidéo de REScoop Wallonie : la coopération</a></li></ul>



<h1 class="wp-block-heading">Label Finance Solidaire</h1>



<hr class="wp-block-separator"/>



<p>Les parts d'Allons en vent ont le label Finance solidaire </p>



<figure class="wp-block-image size-large is-resized"><img loading="lazy" decoding="async" src="https://allonsenvent.be/wp-content/uploads/2021/09/label_finance_solidaire_web-1024x1024.png" alt="" class="wp-image-580" width="244" height="244" srcset="https://allonsenvent.be/wp-content/uploads/2021/09/label_finance_solidaire_web-1024x1024.png 1024w, https://allonsenvent.be/wp-content/uploads/2021/09/label_finance_solidaire_web-300x300.png 300w, https://allonsenvent.be/wp-content/uploads/2021/09/label_finance_solidaire_web-150x150.png 150w, https://allonsenvent.be/wp-content/uploads/2021/09/label_finance_solidaire_web-768x768.png 768w, https://allonsenvent.be/wp-content/uploads/2021/09/label_finance_solidaire_web-960x960.png 960w, https://allonsenvent.be/wp-content/uploads/2021/09/label_finance_solidaire_web.png 1417w" sizes="auto, (max-width: 244px) 100vw, 244px" /></figure>



<p> <li>Un nouveau nom pour le label de la finance solidaire :  <a rel="noreferrer noopener" href="https://mailchi.mp/financite/cp-un-nouveau-nom-pour-le-label-de-la-finance-solidaire?e=036e8a20d0" target="_blank" data-type="URL" data-id="https://mailchi.mp/financite/cp-un-nouveau-nom-pour-le-label-de-la-finance-solidaire?e=036e8a20d0">Communiqué de presse nouveau nom</a></li></p>



<p><li>Le label Finance Solidaire :  <a href="https://labelfinancesolidaire.be/" data-type="URL" target="_blank" rel="noreferrer noopener">site Finance Solidaire</a></li> </p>

<p>Rescoop Allons en Vent est membre de Rescoop Wallonie, la fédération wallonne des coopératives et associations citoyennes pour l'énergie renouvelable. Découvrez les fédérations régionales, nationale et européenne avec les liens ci-dessous: En Wallonie:&nbsp; Rescoop Wallonie En Flandre: Rescoop Vlaanderen En Belgique: Rescoop Belgium En Europe: Rescoop Europe Vidéos de Rescoop Wallonie : Vidéo de REScoop <a href="https://allonsenvent.be/index.php/liens/" class="more-link">...continuer la lecture de<span class="screen-reader-text"> "Liens"</span></a></p>

Rescoop Allons en Vent est membre de Rescoop Wallonie, la fédération wallonne des coopératives et associations citoyennes pour l'énergie renouvelable. Découvrez les fédérations régionales, nationale et européenne avec les liens ci-dessous: En Wallonie:&nbsp; Rescoop Wallonie En Flandre: Rescoop Vlaanderen En Belgique: Rescoop Belgium En Europe: Rescoop Europe Vidéos de Rescoop Wallonie : Vidéo de REScoop…
