{"id":22,"date":"2016-09-17T08:20:34","date_gmt":"2016-09-17T07:20:34","guid":{"rendered":"http:\/\/allonsenvent.be\/?page_id=22"},"modified":"2023-04-01T16:03:50","modified_gmt":"2023-04-01T15:03:50","slug":"historique","status":"publish","type":"page","link":"https:\/\/allonsenvent.be\/index.php\/historique\/","title":{"rendered":"Historique"},"content":{"rendered":"<p>\"<strong>Allons en Vent<\/strong>\" est une soci\u00e9t\u00e9 coop\u00e9rative qui a vu le jour en <strong>2001<\/strong> \u00e0 l'initiative de citoyens du village de Mesnil-Eglise (commune de Houyet, sud de la Province de Namur). L'objectif est une production \u00e9cologique et d\u00e9centralis\u00e9e d'\u00e9nergie dans le but de laisser entre les mains des g\u00e9n\u00e9rations futures une plan\u00e8te dont nous pouvons \u00eatre fiers. Les enfants \u00e9tant les principaux b\u00e9n\u00e9ficiaires de ce mouvement, pourquoi ne pas mettre d\u00e8s aujourd'hui entre leurs mains cette \u00e9olienne citoyenne? C'est l'id\u00e9e qui a germ\u00e9e dans la t\u00eate de Bernard Delville, un ing\u00e9nieur habitant Mesnil-Eglise.<\/p>\n<p>L'id\u00e9e prend forme, et la coop\u00e9rative \"Vents d'Houyet\" est constitu\u00e9e le <strong>24 octobre 2001<\/strong> par 19 fondateurs qui r\u00e9unissent un capital de 18.800 EUR. Ce montant permet d'installer un m\u00e2t de mesure du vent au Tienne du Grand Sart \u00e0 Finnevaux (commune de Houyet). Les r\u00e9sultats des mesures sont concluants, et l'\u00e9tape suivante est lanc\u00e9e: les d\u00e9marches administratives pour la construction, et la vente d'actions afin de rassembler assez d'argent pour financer le projet.<\/p>\n<p>Les actions de la coop\u00e9rative (de valeur nominale de 100 EUR) sont alors achet\u00e9es par des parents, grands-parents, oncles, tantes, parrains, marraines et amis qui les offrent \u00e0 un enfant. Apr\u00e8s plusieurs mois de souscription ouverte au grand public (\u00e0 une \u00e9poque o\u00f9 internet et l'e-mail n'\u00e9taient pas encore beaucoup utilis\u00e9s !), la coop\u00e9rative regroupe 350 \"parrains et marraines\", 850 \"filleuls et filleules\", et un capital social de <strong>200.000 EUR<\/strong>.<\/p>\n<p>Le <strong>29 avril 2005<\/strong> la coop\u00e9rative change de nom et devient \"Allons en Vent\". Parall\u00e8lement est constitu\u00e9e l'ASBL \"Vents d'Houyet\", qui sera le moteur de nombreux autres projets et coop\u00e9ratives.<\/p>\n<p>Pour boucler le financement de ce projet de 800.000 EUR, des cr\u00e9dits d'un montant total de 600.000 EUR sont souscrits aupr\u00e8s de la banque Triodos.<\/p>\n<p>Le <strong>12 f\u00e9vrier 2006<\/strong>, l'Eolienne des Enfants (de marque Enercon et de puissance install\u00e9e de 800 kW) est inaugur\u00e9e en fanfare sur le Tienne du Grand Sart (\"allons en vent de la patrie,...\").<\/p>\n<p><img loading=\"lazy\" decoding=\"async\" class=\"size-medium wp-image-94 aligncenter\" src=\"http:\/\/allonsenvent.be\/wp-content\/uploads\/2016\/09\/2006_Allons_en_Vent-Inauguration-Eolienne-des-Enfants-300x200.jpg\" alt=\"2006_allons_en_vent-inauguration-eolienne-des-enfants\" width=\"300\" height=\"200\" srcset=\"https:\/\/allonsenvent.be\/wp-content\/uploads\/2016\/09\/2006_Allons_en_Vent-Inauguration-Eolienne-des-Enfants-300x200.jpg 300w, https:\/\/allonsenvent.be\/wp-content\/uploads\/2016\/09\/2006_Allons_en_Vent-Inauguration-Eolienne-des-Enfants-768x512.jpg 768w, https:\/\/allonsenvent.be\/wp-content\/uploads\/2016\/09\/2006_Allons_en_Vent-Inauguration-Eolienne-des-Enfants-1024x683.jpg 1024w, https:\/\/allonsenvent.be\/wp-content\/uploads\/2016\/09\/2006_Allons_en_Vent-Inauguration-Eolienne-des-Enfants-960x640.jpg 960w\" sizes=\"auto, (max-width: 300px) 100vw, 300px\" \/><\/p>\n<p>Afin de renforcer le symbole fort de cette \u00e9olienne entre les mains des g\u00e9n\u00e9rations futures, une fresque en c\u00e9ramique repr\u00e9sentant des pi\u00e8ces de puzzle est r\u00e9alis\u00e9e au pied de l'\u00e9olienne. Chaque pi\u00e8ce de cette oeuvre de Marie Chantelot est sign\u00e9e par un enfant coop\u00e9rateur.<\/p>\n<p><img loading=\"lazy\" decoding=\"async\" class=\"alignnone size-medium wp-image-95\" src=\"http:\/\/allonsenvent.be\/wp-content\/uploads\/2016\/09\/AEV-Inauguration-mosaique-1-300x200.jpg\" alt=\"aev-inauguration-mosaique-1\" width=\"300\" height=\"200\" srcset=\"https:\/\/allonsenvent.be\/wp-content\/uploads\/2016\/09\/AEV-Inauguration-mosaique-1-300x200.jpg 300w, https:\/\/allonsenvent.be\/wp-content\/uploads\/2016\/09\/AEV-Inauguration-mosaique-1-768x511.jpg 768w, https:\/\/allonsenvent.be\/wp-content\/uploads\/2016\/09\/AEV-Inauguration-mosaique-1.jpg 1024w, https:\/\/allonsenvent.be\/wp-content\/uploads\/2016\/09\/AEV-Inauguration-mosaique-1-960x638.jpg 960w\" sizes=\"auto, (max-width: 300px) 100vw, 300px\" \/>\u00a0\u00a0 <img loading=\"lazy\" decoding=\"async\" class=\"alignnone size-medium wp-image-96\" src=\"http:\/\/allonsenvent.be\/wp-content\/uploads\/2016\/09\/AEV-Inauguration-mosaique-2-300x200.jpg\" alt=\"aev-inauguration-mosaique-2\" width=\"300\" height=\"200\" srcset=\"https:\/\/allonsenvent.be\/wp-content\/uploads\/2016\/09\/AEV-Inauguration-mosaique-2-300x200.jpg 300w, https:\/\/allonsenvent.be\/wp-content\/uploads\/2016\/09\/AEV-Inauguration-mosaique-2-768x511.jpg 768w, https:\/\/allonsenvent.be\/wp-content\/uploads\/2016\/09\/AEV-Inauguration-mosaique-2.jpg 800w\" sizes=\"auto, (max-width: 300px) 100vw, 300px\" \/><\/p>\n<p>L'Eolienne des Enfants produit en moyenne 1.000.000 kWh (= 1.000 MWh = 1 GWh) par an, ce qui correspond \u00e0 la consommation de 325 m\u00e9nages.<\/p>\n<p>Gr\u00e2ce au travail b\u00e9n\u00e9vole de ses administrateurs, la coop\u00e9rative a d\u00e9gag\u00e9 des b\u00e9n\u00e9fices, qui ont servi \u00e0:<\/p>\n<ol>\n<li>offrir des <strong>avantages en nature aux jeunes coop\u00e9rateurs<\/strong>: r\u00e9duction sur des stages d'\u00e9ducation \u00e0 l'environnement, voyage \u00e0 l'usine d'Enercon en Allemagne, coup de pouce financier pour une mini-entreprise;<\/li>\n<li><strong>soutenir financi\u00e8rement de nombreux projets<\/strong> ayant une plus-value soci\u00e9tale: potager scolaire, \u00e9conomies d'\u00e9nergie dans des b\u00e2timents scolaires, achat de petites insallations photovolta\u00efques, s\u00e9ances d'\u00e9ducation \u00e0 l'environnement dans les \u00e9coles de Houyet et Beauraing etc. Pour plus de d\u00e9tails, voir notre section \"<a href=\"http:\/\/allonsenvent.be\/index.php\/soutien-de-projets\/\">Soutien de projets<\/a>\";<\/li>\n<li>distribuer des <strong>dividendes<\/strong> aux coop\u00e9rateurs (plafonn\u00e9s \u00e0 6%\/an, qui est le plafond impos\u00e9 par la l\u00e9gislation belge pour les coop\u00e9ratives agr\u00e9\u00e9es par le Conseil National de la Coop\u00e9ration);<\/li>\n<li><strong>investir dans d'autres projets de production d'\u00e9lectricit\u00e9<\/strong> : \u00e9olien, photovolta\u00efque, hydro\u00e9lectrique, cog\u00e9n\u00e9ration. Pour plus de d\u00e9tails, voir notre section \"<a href=\"https:\/\/allonsenvent.be\/index.php\/nosprojets\/\" target=\"_blank\" rel=\"noopener\">Projets<\/a>\".<\/li>\n<\/ol>\n<p>Le <strong>1er avril 2015<\/strong>, Allons en Vent re\u00e7oit une tr\u00e8s mauvaise nouvelle, et ce n'est malheureusement pas un poisson d'avril: le Conseil Communal de Houyet (majorit\u00e9 PS-CdH), se basant aveugl\u00e9ment sur une circulaire du Ministre Paul FURLAN (PS), d\u00e9cide d'imposer une <strong>taxe<\/strong> sur toutes les \u00e9oliennes de la commune: un forfait annuel de <strong>12.500 EUR<\/strong>, quelle que soit la puissance (&lt; 2,5 MW) ou la production de l'\u00e9olienne ! Donc pas de distinction entre une petite \u00e9olienne comme l'Eolienne des Enfants et des grosses \u00e9oliennes qui produisent 5 fois plus ! Allons en Vent lance une campagne de presse pour d\u00e9noncer cette taxe in\u00e9quitable et disproportionn\u00e9e, et le ministre FURLAN se rend compte que sa circulaire a oubli\u00e9 le sort des petites \u00e9oliennes. Il modifie sa circulaire pour l'ann\u00e9e 2016, et nous dit \"J'esp\u00e8re ainsi que la commune de Houyet sera \u00e9galement sensibilis\u00e9e au sort des petites \u00e9oliennes \u00e0 vocation citoyenne et qu'elle modifiera son r\u00e8glement-taxe, mais je ne peux l'y contraindre.\" (lettre du 8 d\u00e9cembre 2015 envoy\u00e9e par le Ministre FURLAN \u00e0 Allons en Vent). Rien n'y fait: malgr\u00e9 plusieurs tentatives du conseil d'administration d'Allons en Vent pour trouver un compromis avec le Coll\u00e8ge Communal de Houyet, ce dernier maintient le r\u00e8glement-taxe vot\u00e9, et rejette la r\u00e9clamation introduite par Allons en Vent.<\/p>\n<p>Face \u00e0 cette taxe in\u00e9quitable et disproportionn\u00e9e, Allons en Vent n'a eu d'autre choix que de trouver un avocat pour aller plaider sa cause au Tribunal de Premi\u00e8re Instance de Namur. Ma\u00eetre Pierre DESENFANS a accept\u00e9 de nous d\u00e9fendre pro-deo.<\/p>\n<p><strong>En 2016, 2017 et 2018<\/strong>, la commune de Houyet persiste et signe: elle r\u00e9clame \u00e0 nouveau chaque ann\u00e9e une taxe forfaitaire annuelle de <strong>12.500 EUR<\/strong> \u00e0 l'Eolienne des Enfants, en contradiction totale avec les nouvelles circulaires minist\u00e9rielles. Allons en Vent, toujours d\u00e9fendue gratuitement par Ma\u00eetre Pierre DESENFANS et son \u00e9quipe (bureau Liedekerke) n'a d'autre choix que d'introduire chaque ann\u00e9e une nouvelle requ\u00eate contradictoire au Tribunal de Premi\u00e8re Instance de Namur.<\/p>\n<p><strong>Fin 2018<\/strong>, le r\u00e9sultat des \u00e9lections communales permet \u00e0 Allons en Vent de revoir l'avenir avec s\u00e9r\u00e9nit\u00e9: i<span style=\"font-size: small;\"><span style=\"color: #000000;\"><span style=\"font-family: Arial, serif;\"><span style=\"font-size: medium;\">l aura fallu \u00e0 peine quelques jours au nouveau coll\u00e8ge communal de Houyet (majorit\u00e9 MR-ADN) pour voter un nouveau r\u00e8glement-taxe avec une taxe de <strong>z\u00e9ro euro<\/strong> pour les \u00e9oliennes de faible puissance (&lt; 1 MW)<\/span><\/span><\/span><span style=\"color: #000000;\"><span style=\"font-family: Arial, serif;\"><span style=\"font-size: medium;\">. Pour les taxes pay\u00e9es en 2015, 2016, 2017 et 2018, Allons en Vent et le nouveau coll\u00e8ge communal s'entendent sur le compromis suivant: la commune de Houyet remboursera 4 x 8.500 EUR = 34.000 EUR (ce qui revient \u00e0 une taxe de 4.000 EUR\/an pour la p\u00e9riode 2015-2018), la commune ne taxera plus les petites \u00e9oliennes dans les ann\u00e9es futures, et en \u00e9change Allons en Vent arr\u00eate les proc\u00e9dures en cours au Tribunal de Premi\u00e8re Instance de Namur. La fin d'une saga qui aura mobilis\u00e9 beaucoup de temps et d'\u00e9nergie aux administrateurs b\u00e9n\u00e9voles et \u00e0 Ma\u00eetre Pierre DESENFANS et son \u00e9quipe !<br \/>\n<\/span><\/span><\/span><\/span><\/p>\n","protected":false},"excerpt":{"rendered":"<p>\"Allons en Vent\" est une soci\u00e9t\u00e9 coop\u00e9rative qui a vu le jour en 2001 \u00e0 l'initiative de citoyens du village de Mesnil-Eglise (commune de Houyet, sud de la Province de Namur). L'objectif est une production \u00e9cologique et d\u00e9centralis\u00e9e d'\u00e9nergie dans le but de laisser entre les mains des g\u00e9n\u00e9rations futures une plan\u00e8te dont nous pouvons <a href=\"https:\/\/allonsenvent.be\/index.php\/historique\/\" class=\"more-link\">...continuer la lecture de<span class=\"screen-reader-text\"> \"Historique\"<\/span><\/a><\/p>\n","protected":false},"author":1,"featured_media":0,"parent":0,"menu_order":0,"comment_status":"closed","ping_status":"closed","template":"","meta":{"_uag_custom_page_level_css":"","footnotes":""},"class_list":["post-22","page","type-page","status-publish","h-entry","hentry","h-as-page"],"uagb_featured_image_src":{"full":false,"thumbnail":false,"medium":false,"medium_large":false,"large":false,"1536x1536":false,"2048x2048":false,"custom-header-image":false},"uagb_author_info":{"display_name":"AEV","author_link":"https:\/\/allonsenvent.be\/index.php\/author\/admin1371\/"},"uagb_comment_info":0,"uagb_excerpt":"\"Allons en Vent\" est une soci\u00e9t\u00e9 coop\u00e9rative qui a vu le jour en 2001 \u00e0 l'initiative de citoyens du village de Mesnil-Eglise (commune de Houyet, sud de la Province de Namur). L'objectif est une production \u00e9cologique et d\u00e9centralis\u00e9e d'\u00e9nergie dans le but de laisser entre les mains des g\u00e9n\u00e9rations futures une plan\u00e8te dont nous pouvons\u2026","_links":{"self":[{"href":"https:\/\/allonsenvent.be\/index.php\/wp-json\/wp\/v2\/pages\/22","targetHints":{"allow":["GET"]}}],"collection":[{"href":"https:\/\/allonsenvent.be\/index.php\/wp-json\/wp\/v2\/pages"}],"about":[{"href":"https:\/\/allonsenvent.be\/index.php\/wp-json\/wp\/v2\/types\/page"}],"author":[{"embeddable":true,"href":"https:\/\/allonsenvent.be\/index.php\/wp-json\/wp\/v2\/users\/1"}],"replies":[{"embeddable":true,"href":"https:\/\/allonsenvent.be\/index.php\/wp-json\/wp\/v2\/comments?post=22"}],"version-history":[{"count":20,"href":"https:\/\/allonsenvent.be\/index.php\/wp-json\/wp\/v2\/pages\/22\/revisions"}],"predecessor-version":[{"id":698,"href":"https:\/\/allonsenvent.be\/index.php\/wp-json\/wp\/v2\/pages\/22\/revisions\/698"}],"wp:attachment":[{"href":"https:\/\/allonsenvent.be\/index.php\/wp-json\/wp\/v2\/media?parent=22"}],"curies":[{"name":"wp","href":"https:\/\/api.w.org\/{rel}","templated":true}]}}

<p>"<strong>Allons en Vent</strong>" est une société coopérative qui a vu le jour en <strong>2001</strong> à l'initiative de citoyens du village de Mesnil-Eglise (commune de Houyet, sud de la Province de Namur). L'objectif est une production écologique et décentralisée d'énergie dans le but de laisser entre les mains des générations futures une planète dont nous pouvons être fiers. Les enfants étant les principaux bénéficiaires de ce mouvement, pourquoi ne pas mettre dès aujourd'hui entre leurs mains cette éolienne citoyenne? C'est l'idée qui a germée dans la tête de Bernard Delville, un ingénieur habitant Mesnil-Eglise.</p>
<p>L'idée prend forme, et la coopérative "Vents d'Houyet" est constituée le <strong>24 octobre 2001</strong> par 19 fondateurs qui réunissent un capital de 18.800 EUR. Ce montant permet d'installer un mât de mesure du vent au Tienne du Grand Sart à Finnevaux (commune de Houyet). Les résultats des mesures sont concluants, et l'étape suivante est lancée: les démarches administratives pour la construction, et la vente d'actions afin de rassembler assez d'argent pour financer le projet.</p>
<p>Les actions de la coopérative (de valeur nominale de 100 EUR) sont alors achetées par des parents, grands-parents, oncles, tantes, parrains, marraines et amis qui les offrent à un enfant. Après plusieurs mois de souscription ouverte au grand public (à une époque où internet et l'e-mail n'étaient pas encore beaucoup utilisés !), la coopérative regroupe 350 "parrains et marraines", 850 "filleuls et filleules", et un capital social de <strong>200.000 EUR</strong>.</p>
<p>Le <strong>29 avril 2005</strong> la coopérative change de nom et devient "Allons en Vent". Parallèlement est constituée l'ASBL "Vents d'Houyet", qui sera le moteur de nombreux autres projets et coopératives.</p>
<p>Pour boucler le financement de ce projet de 800.000 EUR, des crédits d'un montant total de 600.000 EUR sont souscrits auprès de la banque Triodos.</p>
<p>Le <strong>12 février 2006</strong>, l'Eolienne des Enfants (de marque Enercon et de puissance installée de 800 kW) est inaugurée en fanfare sur le Tienne du Grand Sart ("allons en vent de la patrie,...").</p>
<p><img loading="lazy" decoding="async" class="size-medium wp-image-94 aligncenter" src="http://allonsenvent.be/wp-content/uploads/2016/09/2006_Allons_en_Vent-Inauguration-Eolienne-des-Enfants-300x200.jpg" alt="2006_allons_en_vent-inauguration-eolienne-des-enfants" width="300" height="200" srcset="https://allonsenvent.be/wp-content/uploads/2016/09/2006_Allons_en_Vent-Inauguration-Eolienne-des-Enfants-300x200.jpg 300w, https://allonsenvent.be/wp-content/uploads/2016/09/2006_Allons_en_Vent-Inauguration-Eolienne-des-Enfants-768x512.jpg 768w, https://allonsenvent.be/wp-content/uploads/2016/09/2006_Allons_en_Vent-Inauguration-Eolienne-des-Enfants-1024x683.jpg 1024w, https://allonsenvent.be/wp-content/uploads/2016/09/2006_Allons_en_Vent-Inauguration-Eolienne-des-Enfants-960x640.jpg 960w" sizes="auto, (max-width: 300px) 100vw, 300px" /></p>
<p>Afin de renforcer le symbole fort de cette éolienne entre les mains des générations futures, une fresque en céramique représentant des pièces de puzzle est réalisée au pied de l'éolienne. Chaque pièce de cette oeuvre de Marie Chantelot est signée par un enfant coopérateur.</p>
<p><img loading="lazy" decoding="async" class="alignnone size-medium wp-image-95" src="http://allonsenvent.be/wp-content/uploads/2016/09/AEV-Inauguration-mosaique-1-300x200.jpg" alt="aev-inauguration-mosaique-1" width="300" height="200" srcset="https://allonsenvent.be/wp-content/uploads/2016/09/AEV-Inauguration-mosaique-1-300x200.jpg 300w, https://allonsenvent.be/wp-content/uploads/2016/09/AEV-Inauguration-mosaique-1-768x511.jpg 768w, https://allonsenvent.be/wp-content/uploads/2016/09/AEV-Inauguration-mosaique-1.jpg 1024w, https://allonsenvent.be/wp-content/uploads/2016/09/AEV-Inauguration-mosaique-1-960x638.jpg 960w" sizes="auto, (max-width: 300px) 100vw, 300px" />   <img loading="lazy" decoding="async" class="alignnone size-medium wp-image-96" src="http://allonsenvent.be/wp-content/uploads/2016/09/AEV-Inauguration-mosaique-2-300x200.jpg" alt="aev-inauguration-mosaique-2" width="300" height="200" srcset="https://allonsenvent.be/wp-content/uploads/2016/09/AEV-Inauguration-mosaique-2-300x200.jpg 300w, https://allonsenvent.be/wp-content/uploads/2016/09/AEV-Inauguration-mosaique-2-768x511.jpg 768w, https://allonsenvent.be/wp-content/uploads/2016/09/AEV-Inauguration-mosaique-2.jpg 800w" sizes="auto, (max-width: 300px) 100vw, 300px" /></p>
<p>L'Eolienne des Enfants produit en moyenne 1.000.000 kWh (= 1.000 MWh = 1 GWh) par an, ce qui correspond à la consommation de 325 ménages.</p>
<p>Grâce au travail bénévole de ses administrateurs, la coopérative a dégagé des bénéfices, qui ont servi à:</p>
<ol>
<li>offrir des <strong>avantages en nature aux jeunes coopérateurs</strong>: réduction sur des stages d'éducation à l'environnement, voyage à l'usine d'Enercon en Allemagne, coup de pouce financier pour une mini-entreprise;</li>
<li><strong>soutenir financièrement de nombreux projets</strong> ayant une plus-value sociétale: potager scolaire, économies d'énergie dans des bâtiments scolaires, achat de petites insallations photovoltaïques, séances d'éducation à l'environnement dans les écoles de Houyet et Beauraing etc. Pour plus de détails, voir notre section "<a href="http://allonsenvent.be/index.php/soutien-de-projets/">Soutien de projets</a>";</li>
<li>distribuer des <strong>dividendes</strong> aux coopérateurs (plafonnés à 6%/an, qui est le plafond imposé par la législation belge pour les coopératives agréées par le Conseil National de la Coopération);</li>
<li><strong>investir dans d'autres projets de production d'électricité</strong> : éolien, photovoltaïque, hydroélectrique, cogénération. Pour plus de détails, voir notre section "<a href="https://allonsenvent.be/index.php/nosprojets/" target="_blank" rel="noopener">Projets</a>".</li>
</ol>
<p>Le <strong>1er avril 2015</strong>, Allons en Vent reçoit une très mauvaise nouvelle, et ce n'est malheureusement pas un poisson d'avril: le Conseil Communal de Houyet (majorité PS-CdH), se basant aveuglément sur une circulaire du Ministre Paul FURLAN (PS), décide d'imposer une <strong>taxe</strong> sur toutes les éoliennes de la commune: un forfait annuel de <strong>12.500 EUR</strong>, quelle que soit la puissance (&lt; 2,5 MW) ou la production de l'éolienne ! Donc pas de distinction entre une petite éolienne comme l'Eolienne des Enfants et des grosses éoliennes qui produisent 5 fois plus ! Allons en Vent lance une campagne de presse pour dénoncer cette taxe inéquitable et disproportionnée, et le ministre FURLAN se rend compte que sa circulaire a oublié le sort des petites éoliennes. Il modifie sa circulaire pour l'année 2016, et nous dit "J'espère ainsi que la commune de Houyet sera également sensibilisée au sort des petites éoliennes à vocation citoyenne et qu'elle modifiera son règlement-taxe, mais je ne peux l'y contraindre." (lettre du 8 décembre 2015 envoyée par le Ministre FURLAN à Allons en Vent). Rien n'y fait: malgré plusieurs tentatives du conseil d'administration d'Allons en Vent pour trouver un compromis avec le Collège Communal de Houyet, ce dernier maintient le règlement-taxe voté, et rejette la réclamation introduite par Allons en Vent.</p>
<p>Face à cette taxe inéquitable et disproportionnée, Allons en Vent n'a eu d'autre choix que de trouver un avocat pour aller plaider sa cause au Tribunal de Première Instance de Namur. Maître Pierre DESENFANS a accepté de nous défendre pro-deo.</p>
<p><strong>En 2016, 2017 et 2018</strong>, la commune de Houyet persiste et signe: elle réclame à nouveau chaque année une taxe forfaitaire annuelle de <strong>12.500 EUR</strong> à l'Eolienne des Enfants, en contradiction totale avec les nouvelles circulaires ministérielles. Allons en Vent, toujours défendue gratuitement par Maître Pierre DESENFANS et son équipe (bureau Liedekerke) n'a d'autre choix que d'introduire chaque année une nouvelle requête contradictoire au Tribunal de Première Instance de Namur.</p>
<p><strong>Fin 2018</strong>, le résultat des élections communales permet à Allons en Vent de revoir l'avenir avec sérénité: i<span style="font-size: small;"><span style="color: #000000;"><span style="font-family: Arial, serif;"><span style="font-size: medium;">l aura fallu à peine quelques jours au nouveau collège communal de Houyet (majorité MR-ADN) pour voter un nouveau règlement-taxe avec une taxe de <strong>zéro euro</strong> pour les éoliennes de faible puissance (&lt; 1 MW)</span></span></span><span style="color: #000000;"><span style="font-family: Arial, serif;"><span style="font-size: medium;">. Pour les taxes payées en 2015, 2016, 2017 et 2018, Allons en Vent et le nouveau collège communal s'entendent sur le compromis suivant: la commune de Houyet remboursera 4 x 8.500 EUR = 34.000 EUR (ce qui revient à une taxe de 4.000 EUR/an pour la période 2015-2018), la commune ne taxera plus les petites éoliennes dans les années futures, et en échange Allons en Vent arrête les procédures en cours au Tribunal de Première Instance de Namur. La fin d'une saga qui aura mobilisé beaucoup de temps et d'énergie aux administrateurs bénévoles et à Maître Pierre DESENFANS et son équipe !<br />
</span></span></span></span></p>

<p>"Allons en Vent" est une société coopérative qui a vu le jour en 2001 à l'initiative de citoyens du village de Mesnil-Eglise (commune de Houyet, sud de la Province de Namur). L'objectif est une production écologique et décentralisée d'énergie dans le but de laisser entre les mains des générations futures une planète dont nous pouvons <a href="https://allonsenvent.be/index.php/historique/" class="more-link">...continuer la lecture de<span class="screen-reader-text"> "Historique"</span></a></p>

"Allons en Vent" est une société coopérative qui a vu le jour en 2001 à l'initiative de citoyens du village de Mesnil-Eglise (commune de Houyet, sud de la Province de Namur). L'objectif est une production écologique et décentralisée d'énergie dans le but de laisser entre les mains des générations futures une planète dont nous pouvons…
