{"id":2,"date":"2016-08-17T12:33:01","date_gmt":"2016-08-17T11:33:01","guid":{"rendered":"http:\/\/allonsenvent.be\/?page_id=2"},"modified":"2026-03-24T21:04:32","modified_gmt":"2026-03-24T20:04:32","slug":"page-d-exemple","status":"publish","type":"page","link":"https:\/\/allonsenvent.be\/","title":{"rendered":"Accueil"},"content":{"rendered":"\n<p><\/p>\n\n\n\n<p class=\"has-vivid-cyan-blue-color has-text-color\"><strong>Bienvenue sur le site internet de la coop\u00e9rative \"Allons en Vent\" !<\/strong><\/p>\n\n\n\n<p>- - - - - - - - - - - -<\/p>\n\n\n\n<p><mark style=\"background-color:#fcb900\" class=\"has-inline-color has-vivid-red-color\"><strong>New :<\/strong><\/mark><\/p>\n\n\n\n<p>AGO 2026 documents et convocation :<a href=\"https:\/\/allonsenvent.be\/index.php\/2026\/03\/24\/assemblee-generale-ordinaire-2026\/\"> Lien vers les documents de l'AGO 2026<\/a><\/p>\n\n\n\n<p>- - - - - - - - - - - -<\/p>\n\n\n\n<p><\/p>\n\n\n<p style=\"text-align: left;\"><span style=\"color: #0000ff;\"><strong>\"Allons en Vent\" en bref:<\/strong><\/span><\/p>\n<ul>\n<li><span style=\"text-decoration: underline;\">Ann\u00e9e de constitution<\/span>: <strong>2001<\/strong><\/li>\n<li><span style=\"text-decoration: underline;\">Forme juridique<\/span>: <strong>SC<\/strong> (Soci\u00e9t\u00e9 Coop\u00e9rative)<\/li>\n<li><span style=\"text-decoration: underline;\">Agr\u00e9ment du Conseil National de la Coop\u00e9ration<\/span>: depuis <strong>2004<\/strong><\/li>\n<li><span style=\"text-decoration: underline;\">Nombre de coop\u00e9rateurs<\/span>: <strong>914<\/strong><\/li>\n<li><span style=\"text-decoration: underline;\">Objet social<\/span>: <strong>promotion des \u00e9nergies renouvelables<\/strong><\/li>\n<li><span style=\"text-decoration: underline;\">Projets de production d'\u00e9nergie renouvelable <\/span>:\n<ul>\n<li><strong>Eolienne des Enfants de Finnevaux<\/strong> (Enercon E-48, 800 kW, production de 1.000 MWh\/an), qui produit depuis mars 2006 : Allons en Vent en est pleine propri\u00e9taire;<\/li>\n<\/ul>\n<\/li>\n<\/ul>\n<p><img loading=\"lazy\" decoding=\"async\" class=\" wp-image-10 aligncenter\" src=\"http:\/\/allonsenvent.be\/wp-content\/uploads\/2016\/08\/2015-08-04_Eolienne_des_Enfants_AlterTour_2-200x300.jpg\" alt=\"L'Eolienne des Enfants \u00e0 Finnevaux (Houyet)\" width=\"207\" height=\"311\" srcset=\"https:\/\/allonsenvent.be\/wp-content\/uploads\/2016\/08\/2015-08-04_Eolienne_des_Enfants_AlterTour_2-200x300.jpg 200w, https:\/\/allonsenvent.be\/wp-content\/uploads\/2016\/08\/2015-08-04_Eolienne_des_Enfants_AlterTour_2-768x1153.jpg 768w, https:\/\/allonsenvent.be\/wp-content\/uploads\/2016\/08\/2015-08-04_Eolienne_des_Enfants_AlterTour_2-682x1024.jpg 682w, https:\/\/allonsenvent.be\/wp-content\/uploads\/2016\/08\/2015-08-04_Eolienne_des_Enfants_AlterTour_2-1200x1802.jpg 1200w\" sizes=\"auto, (max-width: 207px) 100vw, 207px\" \/><\/p>\n<ul>\n<li style=\"list-style-type: none;\">\n<ul>\n<li><strong>Eolienne des Enfants de Chagny<\/strong> (France) (Enercon E-48, 800 kW, qui produit depuis 2016): Allons en Vent d\u00e9tient 125 actions (= 0,7% du capital social) de la soci\u00e9t\u00e9 fran\u00e7aise \"Aile des Cr\u00eates C2 SAS\";<\/li>\n<li><strong>Installations photovolata\u00efques de Bellefontaine<\/strong> : Allons en Vent a financ\u00e9 75% de l'investissement (75% de 22.984 EUR = 17.238 EUR), via un cr\u00e9dit \u00e0 la coop\u00e9rative Gaume Energies;<\/li>\n<li><strong>Installations de chauffage dans l'habitation sociale \"Prom\u00e9thique\" \u00e0 Saint-Hubert<\/strong>: Allons en Vent a financ\u00e9 75% de l'investissement (75% de 49.812 EUR = 37.359 EUR), via un cr\u00e9dit \u00e0 la coop\u00e9rative Gaume Energies;<\/li>\n<li><strong>Cog\u00e9n\u00e9ration de la laiterie de Walhorn<\/strong>: Allons en Vent a particip\u00e9 au financement, via un cr\u00e9dit de 5.000 EUR \u00e0 la soci\u00e9t\u00e9 \"Coretec Services\";<\/li>\n<li><strong>Sun for Schools<\/strong> (installations photovolta\u00efques sur des b\u00e2timents scolaires \u00e0 Bruxelles et en Wallonie): Allons en Vent a accord\u00e9 un cr\u00e9dit de 60.000 EUR \u00e0 la coop\u00e9rative Enerschool pour l'aider \u00e0 financer ses nombreux projets;<\/li>\n<li><strong>Monceau Hydro SA<\/strong> (installation hydro\u00e9lectrique en exploitation sur la Sambre, \u00e0 Monceau): Allons en Vent d\u00e9tient 30 actions (= 3,0% du capital social) de la soci\u00e9t\u00e9;<\/li>\n<li><strong>HOSe SC<\/strong> (installations <strong>H<\/strong>ydro\u00e9lectriques sur l'<strong>O<\/strong>urthe et la <strong>S<\/strong>ambr<strong>e<\/strong>): Allons en Vent d\u00e9tient 25 actions (= 1,8% du capital social) de la soci\u00e9t\u00e9;<\/li>\n<li><strong>Eolienne Citoyenne de Fauvillers<\/strong> (Vestas 2,2 MW): Allons en Vent d\u00e9tient 420 actions (= 14% du capital social) de la soci\u00e9t\u00e9.<\/li>\n<\/ul>\n<\/li>\n<\/ul>\n<p>Pour plus d'infos sur notre coop\u00e9rative, naviguez sur notre site internet, ou contactez nous !<\/p>\n\n\n<p>- - - - - - - - - - - -<\/p>\n\n\n\n<p><\/p>\n","protected":false},"excerpt":{"rendered":"<p>Bienvenue sur le site internet de la coop\u00e9rative \"Allons en Vent\" ! - - - - - - - - - - - - New : AGO 2026 documents et convocation : Lien vers les documents de l'AGO 2026 - - - - - - - - - - - - \"Allons en Vent\" en <a href=\"https:\/\/allonsenvent.be\/\" class=\"more-link\">...continuer la lecture de<span class=\"screen-reader-text\"> \"Accueil\"<\/span><\/a><\/p>\n","protected":false},"author":1,"featured_media":0,"parent":0,"menu_order":0,"comment_status":"closed","ping_status":"closed","template":"","meta":{"_uag_custom_page_level_css":"","footnotes":""},"class_list":["post-2","page","type-page","status-publish","h-entry","hentry","h-as-page"],"uagb_featured_image_src":{"full":false,"thumbnail":false,"medium":false,"medium_large":false,"large":false,"1536x1536":false,"2048x2048":false,"custom-header-image":false},"uagb_author_info":{"display_name":"AEV","author_link":"https:\/\/allonsenvent.be\/index.php\/author\/admin1371\/"},"uagb_comment_info":0,"uagb_excerpt":"Bienvenue sur le site internet de la coop\u00e9rative \"Allons en Vent\" ! - - - - - - - - - - - - New : AGO 2026 documents et convocation : Lien vers les documents de l'AGO 2026 - - - - - - - - - - - - \"Allons en Vent\" en\u2026","_links":{"self":[{"href":"https:\/\/allonsenvent.be\/index.php\/wp-json\/wp\/v2\/pages\/2","targetHints":{"allow":["GET"]}}],"collection":[{"href":"https:\/\/allonsenvent.be\/index.php\/wp-json\/wp\/v2\/pages"}],"about":[{"href":"https:\/\/allonsenvent.be\/index.php\/wp-json\/wp\/v2\/types\/page"}],"author":[{"embeddable":true,"href":"https:\/\/allonsenvent.be\/index.php\/wp-json\/wp\/v2\/users\/1"}],"replies":[{"embeddable":true,"href":"https:\/\/allonsenvent.be\/index.php\/wp-json\/wp\/v2\/comments?post=2"}],"version-history":[{"count":89,"href":"https:\/\/allonsenvent.be\/index.php\/wp-json\/wp\/v2\/pages\/2\/revisions"}],"predecessor-version":[{"id":785,"href":"https:\/\/allonsenvent.be\/index.php\/wp-json\/wp\/v2\/pages\/2\/revisions\/785"}],"wp:attachment":[{"href":"https:\/\/allonsenvent.be\/index.php\/wp-json\/wp\/v2\/media?parent=2"}],"curies":[{"name":"wp","href":"https:\/\/api.w.org\/{rel}","templated":true}]}}